- 13296. Let s = 20293 + y. Is s a prime number?
True
Let k = 5563 + 47356. Is k prime?
True
Suppose -2*w - 4*h = 21454, 19*h - 5 = 18*h. Let o = 21508 - w. Is o a composite number?
True
Let p = 133 + -131. Suppose g + 4*g = p*q - 933, 0 = -4*q - 3*g + 1931. Is q prime?
True
Let q be (-4 - -488)*(-8 - -10). Let g = 702 + -1341. Let v = q + g. Is v composite?
True
Let l(v) = v**3 - 15*v**2 + 8. Let r be l(15). Let x = -6 + r. Is (1324/(-16))/(x/(-8)) a composite number?
False
Let k be (-3 - -4)/(7/6 + -1). Is (16 + 2)/k - -156 a composite number?
True
Let r(u) = 5*u**2 - 94*u + 3142. Is r(-65) prime?
False
Let q be (3/(-36)*-6*-10)/1. Let h(b) = 42 - 11*b - 107*b - 145*b. Is h(q) composite?
True
Suppose -20247 = -3*k + a, -2*k + 13484 = 3*a - 6*a. Is k a composite number?
True
Let l be (-137)/(-15) - 10*8/600. Is ((-6)/l)/((-3)/18) - -361 a composite number?
True
Let y be (1/3)/((-20)/900). Is 1945*(-1)/y*3 composite?
False
Let v(t) = 2*t**2 + 9*t - 20. Let m be (-13 + 9 + 2)*(-26)/(-4). Is v(m) a prime number?
False
Is -39 + 44 - ((-15845220)/33 - 2/(-11)) composite?
True
Let f = 1241778 + -729075. Is (f/(-6))/(-3)*(-2)/(-3) a prime number?
False
Suppose -3*r = -2*a + 287326, 3*r = 4*a - 159083 - 415581. Is a a composite number?
False
Is (1/(-15)*12 - (-1050329)/5) + 6 prime?
True
Let s be -3 + (-1 - (3 + -6)). Let j(c) = -1368*c - 7. Is j(s) a prime number?
True
Let m(a) = 6*a + 56. Let t be m(-8). Is (-1)/(t/12*(-2)/892) composite?
True
Let x be (340/(-102) + 3)*228*1. Let z = -188 - -269. Let c = z - x. Is c a composite number?
False
Let i(d) = 5886*d - 937. Is i(7) composite?
True
Is (-3)/150*-10 - 27594/(-5) a composite number?
False
Suppose -4*r - 2*w + 66 = 0, -w - 72 = -4*r - r. Suppose -34*i + 39*i - r = 0. Suppose -20 = -4*p, -2*q + 143 = -6*p + i*p. Is q a prime number?
True
Is ((-36)/(-756))/(7/84) + (-1316258)/(-14) a prime number?
False
Suppose b + 74 = 2164. Is (1 - 0 - -1)*(b - 9) a prime number?
False
Let j(k) = 59806*k + 523. Is j(7) composite?
True
Suppose a = -0*a + q + 10557, 4*a = 2*q + 42222. Suppose -a = -87*m + 81*m. Is m a composite number?
False
Let c be (-2)/(-5) - 2811/15. Let z be 11/(-4) + 3 + 13377/28. Let x = c + z. Is x composite?
True
Let i = 134160 - 28055. Is i composite?
True
Suppose -7*z + 12*z - 7*y = -13683, 2*z = -y - 5477. Let l(a) = 800*a - 9. Let b be l(6). Let g = b + z. Is g composite?
False
Suppose 7*g - 48357 = -7001. Let w = 9361 - g. Is w composite?
True
Let k(o) be the second derivative of 41*o**3/3 - 67*o**2/2 + o. Suppose -u + 4*u - 42 = -2*j, -8 = -j + 5*u. Is k(j) prime?
True
Let x = -68 - -68. Is (1 - x)*(11783 - (-23 - -9)) a prime number?
False
Suppose 18*v - 20*v = -5*a + 1, 3*a + 7 = 5*v. Let t(k) be the third derivative of 46*k**5/5 - k**4/12 + k**3/2 + k**2. Is t(a) a composite number?
True
Let n(b) = -4*b**2 + 5*b - 24. Let y be n(-12). Let q be 4/5*y/(-8). Suppose 0 = -4*a - q + 394. Is a composite?
True
Let a be -6*5/10 - 2. Let y(q) = -223*q + 36. Is y(a) a prime number?
True
Suppose -24 = -5*t - t. Suppose 5*y - 42489 = -t*y. Is y composite?
False
Let u(t) = 24*t**2 + 23. Let n = 232 + -227. Is u(n) composite?
True
Suppose -128 = 4*k - 248. Is (1 - 16585/15)/((-20)/k) a composite number?
False
Let o = -28 - -30. Suppose -o*r + v - 15 = 0, 2 = -3*v + v. Is (-6)/r - 1778/(-8) a prime number?
True
Suppose 0 = -5*u - o + 199377, 5*o + 154662 + 4799 = 4*u. Is u prime?
False
Suppose -3*q + 53 = -3*w + 5348, -5*w - 5*q = -8855. Let s be (-3 - (0 + 2 + 3))/(-2). Suppose 4*k = -s*k + w. Is k a composite number?
True
Let t = 256 + -138. Suppose 0 = 3*i - 1268 - t. Suppose 3*d - i = 3*v, -2*v + 2 = 12. Is d prime?
True
Is (16 - 594/36)*(-108073 + -1) a composite number?
False
Suppose 3*f = -10 + 19. Suppose -4*c + 32237 = 5*d, -2*c = 2*c - f*d - 32261. Is c a composite number?
True
Let k be (25724/(-16))/(((-2)/(-8))/1). Let b = k - -17028. Is b composite?
False
Let j(i) = 4*i**2 - 6*i - 30. Suppose 10*b + 73 = -57. Let g be j(b). Suppose 4*o = -2*h + 6*h + g, h = -o + 177. Is o a prime number?
True
Is (-1)/(4/(-3)) + 19/380*4491565 a prime number?
True
Let c = 706 - 702. Suppose c*q + 38*k - 43*k - 6792 = 0, 2*k = -2*q + 3378. Is q composite?
False
Let x(q) = -3*q**2 - 73*q + 52. Let o be x(-25). Suppose o*t - 589 = 3537. Is t prime?
True
Let j(m) = -1288*m + 10. Let x be j(-1). Suppose -29*s - x = -31*s. Is s a prime number?
False
Let a(d) = 832*d**2 + 36*d + 87. Is a(-5) composite?
False
Let w be 216/27 + (-9 - 0). Let t(h) = -3621*h**3 + 3*h**2 - 2. Is t(w) a prime number?
False
Let d(m) = 3*m + 29*m**2 + 0*m + 6*m - 22 + 5*m. Is d(9) composite?
True
Is (-56 - 3)*16/48*-381 a prime number?
False
Let o = -258422 - -604809. Is o a composite number?
True
Let j = 196 + -376. Let p = 245 - 346. Let n = p - j. Is n a prime number?
True
Let h = 1623 + -1037. Let y = h - -1546. Suppose 5*r - n = 5336, -2*n + 4*n = -2*r + y. Is r a prime number?
False
Suppose -5*o + 3*u = 84, -4*u + 60 = -3*o + u. Let m = 2669 + -2673. Let t = m - o. Is t a prime number?
True
Suppose 5*t + 6*t = 44. Suppose -t*j = -5*v - 38, 2*j - 4*v - 21 = -5. Is (-5 + 3)/(j/(-1578)) prime?
True
Let p = 3234 - 2289. Suppose -755 = -4*d - z - 2*z, p = 5*d + 4*z. Is d a prime number?
False
Suppose -1673*o = -1671*o - 12, o + 1053230 = 4*f. Is f a composite number?
True
Suppose -5*r = -0*r - 4*x + 3052, 4*r - 5*x + 2438 = 0. Let f = r + 1699. Is f composite?
False
Suppose 5*q + 4*u - 3*u - 876 = 0, 0 = -3*q - 4*u + 512. Let c = q + 35. Is c composite?
False
Let z(p) = p**2 + 15*p + 49. Let h be z(-4). Suppose 4*q + 7 + 9 = 0, 1358 = 2*i - h*q. Is i composite?
True
Suppose -4*g - 5 = 5*a - 106, 3*g + 56 = 4*a. Let t(j) be the first derivative of 15*j**2 + 9*j - 1. Is t(a) a prime number?
False
Suppose -3*w - 3*k - 18306 + 168852 = 0, 0 = -4*w + 4*k + 200768. Is w a composite number?
True
Is 81487070/(-25)*(-655)/262 a composite number?
True
Suppose -478100 - 173343 = -h. Is h a composite number?
True
Suppose -9*v = 13*v - 23164584 - 2347562. Is v composite?
True
Let d = 19087 - 2756. Is d a composite number?
True
Let k = 2966 + 21087. Is k a composite number?
True
Let x = 93 - 89. Suppose -x*k + 19*k = 15585. Is k a prime number?
True
Let j be 6 + -3 - (12 - 1)*1. Let f be (-664)/(-32) + -2 + (-10)/j. Suppose 5*z = -f, -4*d + 244 = -0*z + 4*z. Is d a composite number?
True
Let t(s) = s**3 + 26*s**2 + 47*s - 19. Let a be t(-24). Suppose u - a*q = -6552 + 20540, 0 = 5*u + 4*q - 69795. Is u a composite number?
False
Suppose -11810925 = 129*k - 354*k. Is k prime?
False
Suppose -14454 = 13*u - 170825 - 969416. Is u composite?
False
Let r(v) = 27050*v + 727. Is r(12) a prime number?
False
Let w(r) = -4*r**3 - 14*r**2 + 6*r + 9. Let d be w(-4). Let l(n) = n**3 + 9*n**2 + 49*n - 14. Is l(d) a composite number?
True
Suppose g - 5*d = -145, -4*d + 533 = -3*g + 153. Let t = 213 + g. Is 1*(-2 + 6) + t prime?
True
Let r(c) = -4*c**2 - 3*c - 3. Let g be r(4). Let q = -74 - g. Suppose 2*l - 2*t - 85 = -l, 0 = -2*l - q*t + 82. Is l prime?
True
Let v(l) = -5*l + 2 - l**2 + l**2 + 16*l**2. Let u be (13 - 12)/(3/(-15)). Is v(u) a prime number?
False
Let c be ((-6)/4)/(-11 + (-775)/(-70)). Suppose 4*n - 70 = 2*n. Is 4904/10 - c/n prime?
True
Let p(q) = 362*q**2 - 30*q + 50. Let d be p(10). Suppose 0 = -4*f - 3*r + 55307, 2*f - 5*r - d + 8277 = 0. Is f composite?
False
Let x(a) = 2*a - 7. Let m be x(7). Let d(w) = 29*w**2 + 22*w + 10. Is d(m) a composite number?
True
Let t(k) = -8*k**3 - 34*k**2 - 73*k - 120. Is t(-35) a composite number?
True
Let r(d) = -5*d**3 + 3*d**2 - 7*d - 21. Suppose -32 = 4*z - 5*v, 4*z - 3*v + 32 = -0. Is r(z) prime?
False
Suppose -2884 = -3*l - 481. Let u(a) = -a**3 - 8*a**2 + 3*a - 330. Let j be u(-11). Suppose j*o = -3*o + l. Is o a prime number?
False
Suppose 0 = -29*v + 80*v - 1237413. Is v a prime number?
False
Let c(a) = -14*a**2 - 18*a + 23. Let o(j) = 26*j**2 + 36*j - 46. Let q(h) = 11*c(h) + 6*o(h). Suppose 3*b - 17 = 4*b. Is q(b) prime?
False
Suppose 0 = j + 5*z + 40 - 55, -15 = -j - z. Let q(p) = p**2 + 33*p - 47. Is q(j) prime?
True
Suppose 3*l - 3*q - 23 = -q, 8 = l - q. Suppose 0 = -l*j - 6 + 6. Suppose 4*z - 285 - 31 = j. Is z a composite number?
False
Suppose o + 18 = -5*d, -7*o = -8*o - 4*d - 14. Let